2
What is the units digit of 3586?
6
What is the tens digit of 780?
8
What is the hundreds digit of 3079?
0
What is the thousands digit of 3731?
3
What is the tens digit of 2030?
3
What is the units digit of 2770?
0
What is the hundreds digit of 26643?
6
What is the units digit of 374?
4
What is the thousands digit of 16934?
6
What is the units digit of 590?
0
What is the tens digit of 1721?
2
What is the hundreds digit of 6866?
8
What is the units digit of 154?
4
What is the units digit of 20962?
2
What is the hundreds digit of 5595?
5
What is the hundreds digit of 35528?
5
What is the units digit of 2522?
2
What is the units digit of 701?
1
What is the ten thousands digit of 151006?
5
What is the units digit of 11522?
2
What is the hundreds digit of 103713?
7
What is the ten thousands digit of 73214?
7
What is the hundreds digit of 892?
8
What is the hundreds digit of 4186?
1
What is the units digit of 1158?
8
What is the thousands digit of 4869?
4
What is the hundreds digit of 1051?
0
What is the hundreds digit of 6332?
3
What is the hundreds digit of 68043?
0
What is the tens digit of 28471?
7
What is the thousands digit of 31803?
1
What is the hundreds digit of 4305?
3
What is the hundreds digit of 22715?
7
What is the units digit of 19858?
8
What is the hundreds digit of 2035?
0
What is the hundreds digit of 2259?
2
What is the thousands digit of 1834?
1
What is the thousands digit of 60291?
0
What is the units digit of 55?
5
What is the tens digit of 2451?
5
What is the ten thousands digit of 40252?
4
What is the thousands digit of 5320?
5
What is the tens digit of 14927?
2
What is the thousands digit of 7843?
7
What is the units digit of 121048?
8
What is the units digit of 5675?
5
What is the thousands digit of 7793?
7
What is the tens digit of 523?
2
What is the hundreds digit of 11139?
1
What is the units digit of 46527?
7
What is the units digit of 110511?
1
What is the thousands digit of 11375?
1
What is the thousands digit of 10381?
0
What is the hundreds digit of 12472?
4
What is the tens digit of 1581?
8
What is the thousands digit of 1420?
1
What is the units digit of 41371?
1
What is the units digit of 1180?
0
What is the units digit of 107974?
4
What is the thousands digit of 7274?
7
What is the units digit of 977?
7
What is the ten thousands digit of 32089?
3
What is the thousands digit of 2700?
2
What is the hundreds digit of 156?
1
What is the tens digit of 5093?
9
What is the tens digit of 545?
4
What is the tens digit of 1613?
1
What is the thousands digit of 9852?
9
What is the ten thousands digit of 92621?
9
What is the tens digit of 31190?
9
What is the units digit of 187497?
7
What is the hundreds digit of 1685?
6
What is the tens digit of 15303?
0
What is the hundreds digit of 23040?
0
What is the tens digit of 88588?
8
What is the thousands digit of 43642?
3
What is the tens digit of 2152?
5
What is the ten thousands digit of 10889?
1
What is the hundreds digit of 241?
2
What is the units digit of 13177?
7
What is the ten thousands digit of 12706?
1
What is the units digit of 13796?
6
What is the units digit of 814?
4
What is the tens digit of 4351?
5
What is the tens digit of 6550?
5
What is the ten thousands digit of 108606?
0
What is the hundreds digit of 6554?
5
What is the thousands digit of 8374?
8
What is the hundreds digit of 11602?
6
What is the tens digit of 3724?
2
What is the tens digit of 43949?
4
What is the tens digit of 809?
0
What is the units digit of 2692?
2
What is the tens digit of 299?
9
What is the units digit of 283?
3
What is the hundreds digit of 40638?
6
What is the hundreds digit of 23347?
3
What is the units digit of 25731?
1
What is the thousands digit of 1137?
1
What is the ten thousands digit of 36562?
3
What is the tens digit of 47893?
9
What is the units digit of 44405?
5
What is the units digit of 1222?
2
What is the thousands digit of 94437?
4
What is the thousands digit of 2879?
2
What is the thousands digit of 2491?
2
What is the hundreds digit of 26534?
5
What is the tens digit of 26709?
0
What is the hundreds digit of 45731?
7
What is the tens digit of 7529?
2
What is the hundreds digit of 74753?
7
What is the thousands digit of 64910?
4
What is the hundreds digit of 16608?
6
What is the units digit of 81995?
5
What is the thousands digit of 85016?
5
What is the thousands digit of 25895?
5
What is the units digit of 1164?
4
What is the tens digit of 404?
0
What is the units digit of 465?
5
What is the ten thousands digit of 10625?
1
What is the tens digit of 13775?
7
What is the units digit of 187?
7
What is the tens digit of 68?
6
What is the hundreds digit of 139?
1
What is the tens digit of 5037?
3
What is the hundred thousands digit of 106852?
1
What is the hundreds digit of 575?
5
What is the hundreds digit of 103942?
9
What is the ten thousands digit of 123372?
2
What is the tens digit of 58504?
0
What is the units digit of 39421?
1
What is the thousands digit of 15300?
5
What is the units digit of 1769?
9
What is the hundreds digit of 12701?
7
What is the tens digit of 73?
7
What is the tens digit of 3969?
6
What is the thousands digit of 43741?
3
What is the units digit of 5325?
5
What is the tens digit of 2639?
3
What is the thousands digit of 7226?
7
What is the hundred thousands digit of 150974?
1
What is the tens digit of 23617?
1
What is the ten thousands digit of 21047?
2
What is the units digit of 280?
0
What is the units digit of 2427?
7
What is the units digit of 2701?
1
What is the tens digit of 7239?
3
What is the hundreds digit of 7097?
0
What is the tens digit of 5973?
7
What is the units digit of 3705?
5
What is the tens digit of 133476?
7
What is the tens digit of 764?
6
What is the tens digit of 42565?
6
What is the tens digit of 4694?
9
What is the tens digit of 8591?
9
What is the thousands digit of 77086?
7
What is the units digit of 2240?
0
What is the hundreds digit of 106358?
3
What is the tens digit of 13653?
5
What is the ten thousands digit of 20485?
2
What is the hundreds digit of 135157?
1
What is the units digit of 614?
4
What is the hundreds digit of 14397?
3
What is the tens digit of 89219?
1
What is the units digit of 126791?
1
What is the tens digit of 472?
7
What is the hundreds digit of 55791?
7
What is the hundreds digit of 2316?
3
What is the tens digit of 93759?
5
What is the thousands digit of 3630?
3
What is the tens digit of 86121?
2
What is the hundreds digit of 7142?
1
What is the hundreds digit of 51364?
3
What is the units digit of 401?
1
What is the hundreds digit of 100?
1
What is the hundreds digit of 3638?
6
What is the tens digit of 645?
4
What is the hundreds digit of 3446?
4
What is the hundreds digit of 191?
1
What is the units digit of 1431?
1
What is the thousands digit of 53201?
3
What is the units digit of 1028?
8
What is the hundreds digit of 18145?
1
What is the tens digit of 142?
4
What is the thousands digit of 1343?
1
What is the tens digit of 18865?
6
What is the hundreds digit of 3221?
2
What is the units digit of 159781?
1
What is the units digit of 4108?
8
What is the ten thousands digit of 14949?
1
What is the thousands digit of 30587?
0
What is the thousands digit of 10523?
0
What is the tens digit of 2478?
7
What is the units digit of 10894?
4
What is the thousands digit of 1703?
1
What is the tens digit of 489?
8
What is the tens digit of 51994?
9
What is the units digit of 1742?
2
What is the hundreds digit of 589?
5
What is the hundreds digit of 1660?
6
What is the tens digit of 5234?
3
What is the units digit of 628?
8
What is the units digit of 14203?
3
What is the ten thousands digit of 52337?
5
What is the hundreds digit of 4427?
4
What is the hundreds digit of 64912?
9
What is the ten thousands digit of 28077?
2
What is the units digit of 992?
2
What is the tens digit of 53857?
5
What is the thousands digit of 9960?
9
What is the hundreds digit of 3004?
0
What is the tens digit of 21424?
2
What is the hundreds digit of 632?
6
What is the units digit of 541?
1
What is the hundreds digit of 746?
7
What is the units digit of 1008?
8
What is the ten thousands digit of 55378?
5
What is the hundreds digit of 2360?
3
What is the hundreds digit of 2508?
5
What is the tens digit of 2942?
4
What i